?
False
Is 3935 a factor of 58871535?
True
Does 235 divide 11365281?
False
Does 70 divide 201884569?
False
Does 12 divide 17287944?
True
Is 52908014 a multiple of 30?
False
Is 12 a factor of 55168668?
True
Is 70108264 a multiple of 536?
True
Is 409553498 a multiple of 36?
False
Is 14148876 a multiple of 8?
False
Does 44 divide 440371800?
True
Is 11 a factor of 41447671?
False
Does 120 divide 18499560?
True
Is 82933988 a multiple of 214?
True
Is 5734827 a multiple of 4?
False
Is 424 a factor of 395967213?
False
Does 39 divide 48664629?
True
Is 3823 a factor of 123635820?
True
Is 1333441944 a multiple of 8?
True
Does 89 divide 38277368?
False
Is 126788805 a multiple of 99?
True
Does 268 divide 2032198708?
True
Is 3244803940 a multiple of 10?
True
Does 1611 divide 397286741?
False
Does 430 divide 67782620?
True
Is 75753000 a multiple of 60?
True
Is 3520174 a multiple of 230?
False
Does 18 divide 30670631?
False
Is 338 a factor of 233213240?
True
Does 29 divide 1676387772?
False
Is 41552459 a multiple of 30?
False
Is 91 a factor of 150019870?
True
Does 185 divide 539918245?
True
Does 1186 divide 1643006124?
True
Is 171863194 a multiple of 778?
False
Is 5 a factor of 1364563260?
True
Is 46138462 a multiple of 262?
True
Is 3 a factor of 2151264?
True
Is 84364442 a multiple of 13?
False
Does 5 divide 117182530?
True
Is 4 a factor of 213733548?
True
Is 18890912 a multiple of 23?
True
Is 4998472438 a multiple of 140?
False
Is 385907233 a multiple of 7391?
False
Is 12 a factor of 39589242?
False
Does 118 divide 177356124?
True
Is 1281 a factor of 5965800655?
False
Is 51 a factor of 1046223?
False
Does 375 divide 11029875?
True
Is 14 a factor of 504070532?
True
Is 82918440 a multiple of 11?
True
Is 15 a factor of 1909767510?
True
Does 474 divide 1180082724?
True
Does 42 divide 5876699904?
False
Is 14 a factor of 245646212?
True
Is 160045426 a multiple of 134?
False
Is 23 a factor of 25222655?
False
Is 12 a factor of 1915408557?
False
Is 11591 a factor of 833749212?
False
Is 248 a factor of 39149776?
True
Is 215081888 a multiple of 1359?
False
Is 87 a factor of 10342908?
True
Is 18544724 a multiple of 45?
False
Is 183700868 a multiple of 204?
False
Is 226333600 a multiple of 50?
True
Does 829 divide 130183673?
True
Is 2321326770 a multiple of 20?
False
Is 237 a factor of 529263660?
True
Is 1133 a factor of 32168136?
True
Is 56 a factor of 32956932?
False
Does 2 divide 39681054?
True
Does 6990 divide 46352263?
False
Is 463496272 a multiple of 1616?
True
Is 525825070 a multiple of 1135?
True
Is 1887626546 a multiple of 12540?
False
Does 9 divide 4042882751?
False
Does 233 divide 35551839?
True
Does 17 divide 6570570?
False
Does 281 divide 114738405?
False
Is 11 a factor of 9321933?
False
Does 4 divide 4250004?
True
Is 17 a factor of 429727615?
True
Is 32102201 a multiple of 192?
False
Does 284 divide 5671376?
False
Does 11 divide 4240345?
False
Does 1255 divide 744459017?
False
Is 82964886 a multiple of 122?
False
Is 309887348 a multiple of 64?
False
Is 11 a factor of 55003597?
True
Does 5 divide 1903985?
True
Is 1095862370 a multiple of 1746?
False
Does 454 divide 54893594?
True
Is 85259278 a multiple of 3314?
True
Is 454 a factor of 941863406?
True
Is 299 a factor of 288805296?
True
Is 27626502 a multiple of 337?
False
Does 8 divide 1706850808?
True
Is 8892641 a multiple of 1997?
True
Is 145 a factor of 478474770?
True
Is 12 a factor of 96119443?
False
Is 416414657 a multiple of 90?
False
Is 102944178 a multiple of 3?
True
Is 2067 a factor of 120823838?
False
Is 2160 a factor of 451270281?
False
Is 1098 a factor of 196254324?
True
Does 243 divide 8570237?
False
Is 857 a factor of 264891102?
False
Does 295 divide 233796115?
False
Is 23891056 a multiple of 3?
False
Is 14793962 a multiple of 662?
False
Does 1332 divide 9740916?
True
Is 1638 a factor of 135842616?
True
Is 2693 a factor of 167566525?
False
Does 7 divide 18680914?
True
Does 3016 divide 69405477?
False
Is 1183208264 a multiple of 28?
True
Is 260 a factor of 51877800?
True
Is 1077 a factor of 234656386?
False
Does 194 divide 5258312?
False
Is 229395753 a multiple of 31?
True
Is 7899 a factor of 1377972651?
True
Is 499205724 a multiple of 28?
False
Does 3738 divide 1325550870?
True
Is 12 a factor of 223707456?
True
Does 4 divide 547744289?
False
Does 1414 divide 18489189?
False
Is 10 a factor of 495185400?
True
Does 17 divide 1930520?
True
Is 14 a factor of 937153?
False
Is 319120347 a multiple of 39?
True
Does 758 divide 131624724?
False
Is 1316459830 a multiple of 11?
False
Is 401 a factor of 480597958?
False
Is 3 a factor of 388335?
True
Is 5 a factor of 1627517?
False
Does 872 divide 58275503?
False
Does 10 divide 93827760?
True
Is 2685 a factor of 100929150?
True
Does 96 divide 4763378?
False
Is 1006 a factor of 8642546?
True
Is 22247100 a multiple of 180?
True
Does 459 divide 60775731?
True
Is 13 a factor of 14435057?
True
Is 40 a factor of 6186563?
False
Does 627 divide 274351184?
False
Does 15543 divide 5157599431?
False
Is 120460650 a multiple of 674?
True
Is 224 a factor of 303414720?
True
Is 3679158 a multiple of 10?
False
Does 331 divide 3244708595?
True
Is 56591340 a multiple of 52?
True
Does 26 divide 4784262912?
True
Is 57 a factor of 2901357?
True
Is 31926721 a multiple of 12?
False
Does 22 divide 82372681?
False
Is 339128120 a multiple of 571?
False
Is 187 a factor of 17823157?
True
Does 10 divide 13186115?
False
Is 2417678684 a multiple of 47?
True
Is 1819420332 a multiple of 12?
True
Is 162002393 a multiple of 224?
False
Is 706146132 a multiple of 993?
True
Is 2 a factor of 92334278?
True
Is 21591131 a multiple of 55?
False
Does 16 divide 1371978464?
True
Is 23570960 a multiple of 8?
True
Is 168859236 a multiple of 1294?
True
Is 174061445 a multiple of 5?
True
Is 2987 a factor of 2131165105?
False
Is 115722957 a multiple of 6071?
False
Does 111 divide 1234662435?
True
Does 9 divide 1374177556?
False
Does 102 divide 1462680?
True
Is 50400975 a multiple of 7?
False
Does 2780 divide 533804480?
True
Is 491614812 a multiple of 8628?
True
Does 109 divide 299021877?
False
Is 23 a factor of 30008146?
True
Is 3 a factor of 13124468?
False
Is 112 a factor of 5132202704?
False
Is 1436907738 a multiple of 1194?
False
Is 89 a factor of 997327994?
False
Does 55 divide 29001885?
True
Is 5276880 a multiple of 108?
True
Is 18 a factor of 1984008474?
True
Is 37 a factor of 23888447?
False
Does 286 divide 978557580?
True
Is 56299275 a multiple of 1475?
True
Does 935 divide 181744765?
False
Is 128363080 a multiple of 40?
True
Is 29 a factor of 135006129?
False
Does 4 divide 57433440?
True
Is 1086796233 a multiple of 4867?
True
Is 97136150 a multiple of 15?
False
Is 1118939657 a multiple of 8?
False
Is 2 a factor of 884030?
True
Does 7 divide 109866057?
True
Does 1349 divide 59338463?
True
Is 41234841 a multiple of 61?
True
Does 2588 divide 425570720?
True
Is 114 a factor of 269886841?
False
Is 236350672 a multiple of 16?
True
Is 108200711 a multiple of 147?
False
Does 3612 divide 17632372?
False
Is 65438442 a multiple of 174?
True
Is 622 a factor of 1333456222?
False
Is 18 a factor of 48032712?
True
Does 23 divide 251352817?
False
Does 948 divide 668169360?
True
Does 287 divide 2438577?
False
Is 8 a factor of 50671736?
True
Is 810 a factor of 79264170?
True
Is 5698995 a multiple of 17?
True
Is 361704066 a multiple of 2154?
False
Does 199 divide 1263950102?
False
Is 12290 a factor of 3090234954?
False
Is 2674769385 a multiple of 802?
False
Is 209 a factor of 7164499?
False
Does 24 divide 26827858?
False
Does 15 divide 121312635?
True
Is 22 a factor of 149821973?
False
Is 609 a factor of 222065760?
True
Is 9303544 a multiple of 220?
False
Is 730 a factor of 23661490?
True
Is 4501 a factor of 530895778?
False
Is 74 a factor of 159163196?
True
Is 19 a factor of 1772754?
False
Is 8120655 a multiple of 9?
True
Does 303 divide 31408374?
True
Is 458 a factor of 27328721?
False
Does 1967 divide 1261804929?
True
Does 60 divide 7070220?
True
Is 8864186 a multiple of 4?
False
Is 1276 a factor of 179220075?
False
Does 33 divide 81946507?
False
Is 5727889800 a multiple of 2172?
True
Is 21 a factor of 851757912?
False
Does 1092 divide 65152033?
False
Does 197 divide 44236161?
False
Does 9773 divide 116995130